 the highest common divisor of 9433740 and 60.
60
Calculate the highest common divisor of 858035 and 234449.
2417
Calculate the highest common divisor of 8955 and 1947735.
45
What is the highest common factor of 6110985 and 4485?
345
What is the greatest common factor of 104 and 14481428?
52
What is the highest common divisor of 2062882 and 4591394?
2822
Calculate the highest common factor of 3825238 and 204.
34
What is the greatest common divisor of 1416468 and 1640?
164
What is the greatest common divisor of 1545 and 1695?
15
Calculate the greatest common divisor of 191824 and 6.
2
Calculate the greatest common factor of 148780 and 86645.
215
Calculate the greatest common divisor of 45875249 and 547.
547
Calculate the highest common divisor of 706 and 513037139.
353
Calculate the highest common factor of 6283368 and 20824.
1096
What is the greatest common divisor of 3293 and 312539?
37
What is the greatest common divisor of 98855578 and 32266?
2482
What is the greatest common divisor of 138 and 3340382?
46
What is the highest common divisor of 28787242 and 27511?
671
What is the greatest common divisor of 336 and 403639008?
48
Calculate the highest common factor of 598260429 and 156.
39
Calculate the greatest common divisor of 64 and 27270784.
64
What is the greatest common divisor of 39998160 and 2520?
360
Calculate the highest common factor of 15299188 and 1688.
844
What is the highest common divisor of 132888 and 4469376?
2712
Calculate the greatest common divisor of 1242610 and 432730.
3970
What is the greatest common divisor of 15623 and 45067?
17
Calculate the highest common factor of 88064 and 156656.
16
What is the greatest common factor of 605 and 2472734?
11
Calculate the highest common divisor of 345818 and 51304.
242
What is the highest common factor of 1566 and 12528000?
1566
What is the highest common factor of 570116 and 80?
4
What is the highest common factor of 77201746 and 3242?
3242
Calculate the highest common divisor of 83821 and 218.
109
Calculate the highest common divisor of 1242 and 2948426028.
1242
Calculate the highest common factor of 7008 and 418200.
24
Calculate the highest common divisor of 381135468 and 15060.
3012
Calculate the greatest common divisor of 20 and 796763990.
10
What is the greatest common factor of 61568346 and 9198?
3066
What is the highest common divisor of 2880 and 144631800?
360
What is the greatest common divisor of 6847443 and 108?
27
What is the greatest common factor of 92278606 and 42?
14
Calculate the highest common factor of 2810549147 and 4393.
4393
Calculate the greatest common factor of 3055593748 and 548.
548
What is the highest common factor of 2963642 and 55?
11
What is the highest common factor of 27929 and 58013611?
2539
What is the greatest common factor of 2254 and 79373?
161
Calculate the highest common divisor of 16088 and 98943211.
2011
Calculate the greatest common factor of 89462971 and 2249.
2249
Calculate the highest common factor of 213 and 16894663.
71
What is the greatest common factor of 2248704 and 7488?
576
Calculate the greatest common divisor of 21 and 896955.
3
What is the greatest common factor of 577776 and 280704?
48
What is the highest common divisor of 3499036 and 803?
73
What is the highest common divisor of 1229304 and 528?
24
Calculate the greatest common factor of 2144940 and 49.
7
What is the greatest common divisor of 118 and 31758402?
118
Calculate the greatest common divisor of 24434314 and 2.
2
What is the greatest common factor of 27596 and 9448?
4
Calculate the greatest common divisor of 10909659 and 516.
129
What is the greatest common factor of 1057 and 20989906?
1057
What is the highest common factor of 190710 and 2769533?
2119
Calculate the highest common divisor of 767 and 11623531.
59
What is the greatest common factor of 2181081492 and 216?
108
Calculate the highest common divisor of 15525646 and 2118.
706
Calculate the highest common divisor of 523124 and 39151.
833
What is the greatest common factor of 55047455 and 579335?
5315
What is the highest common divisor of 3021955 and 545090?
2995
What is the highest common divisor of 16 and 2611480?
8
Calculate the greatest common factor of 2742552 and 4464.
72
What is the highest common divisor of 282593539 and 944?
59
Calculate the highest common factor of 10847 and 41468081.
10847
What is the highest common divisor of 2694 and 3535875?
1347
What is the greatest common factor of 48 and 49614032?
16
What is the greatest common divisor of 82516 and 7840?
196
What is the greatest common divisor of 679 and 3097025603?
679
Calculate the greatest common divisor of 945 and 24612840.
315
Calculate the greatest common divisor of 38106 and 4206798.
522
Calculate the highest common divisor of 12536656 and 3636530.
7498
What is the highest common divisor of 243 and 228275739?
81
What is the highest common factor of 79745 and 105985?
205
Calculate the greatest common divisor of 34 and 45593949.
17
What is the highest common divisor of 5758 and 11762?
2
Calculate the greatest common factor of 2535 and 114559185.
2535
What is the greatest common divisor of 3157900 and 15103?
1373
Calculate the greatest common factor of 214672 and 3.
1
What is the greatest common factor of 3344 and 7958082?
22
Calculate the greatest common factor of 108 and 150386814.
54
Calculate the highest common factor of 804 and 1441206716.
268
Calculate the highest common divisor of 298747 and 3726.
23
Calculate the greatest common divisor of 858 and 12615460.
286
Calculate the highest common factor of 17157 and 671097.
21
What is the highest common divisor of 2367 and 11379747?
789
What is the greatest common factor of 468484 and 708?
4
Calculate the greatest common factor of 2100 and 479808.
84
Calculate the greatest common divisor of 4590 and 55140.
30
What is the greatest common divisor of 23062 and 373754303?
11531
What is the greatest common factor of 230731 and 73569?
179
What is the greatest common divisor of 380598 and 696932?
554
Calculate the greatest common divisor of 273346 and 1096202.
2818
What is the highest common divisor of 6847263 and 36?
9
What is the greatest common factor of 25403 and 8?
1
Calculate the highest common factor of 443339635 and 380.
95
Calculate the highest common divisor of 128805 and 31155.
465
What is the highest common factor of 48942826 and 4?
2
What is the greatest common factor of 231088576 and 8?
8
What is the highest common divisor of 422512 and 31792?
16
Calculate the highest common divisor of 976261 and 2860.
143
Calculate the greatest common factor of 104 and 386490.
26
Calculate the highest common divisor of 21312 and 21704.
8
Calculate the greatest common factor of 120824 and 49544.
88
What is the greatest common divisor of 200040 and 96660?
60
Calculate the greatest common factor of 33271 and 34823.
97
Calculate the greatest common divisor of 2356 and 1912388.
76
What is the highest common divisor of 13772074 and 3230?
646
What is the greatest common factor of 436 and 56006816?
436
Calculate the greatest common factor of 8468275 and 25.
25
Calculate the highest common factor of 83034175 and 1225.
1225
Calculate the highest common divisor of 12044 and 232777399.
3011
What is the greatest common divisor of 8558194 and 199?
199
Calculate the greatest common factor of 635184 and 2256.
48
Calculate the highest common factor of 30476 and 67032.
76
What is the highest common factor of 14269191 and 603?
201
What is the greatest common factor of 1948 and 17007988?
1948
What is the highest common factor of 25038 and 284154?
78
Calculate the greatest common divisor of 1554034 and 32903.
2531
What is the greatest common divisor of 1628960 and 8800?
160
What is the greatest common factor of 615 and 58004094?
123
Calculate the highest common factor of 33090 and 100710.
30
What is the highest common divisor of 1278600 and 4050?
150
Calculate the highest common divisor of 334462113 and 4112.
257
Calculate the greatest common factor of 3964419902 and 9634.
9634
Calculate the highest common factor of 3030 and 5044344.
606
What is the greatest common factor of 16 and 22625528?
8
Calculate the highest common divisor of 48 and 24928624.
16
Calculate the highest common divisor of 56385 and 282695.
3